is the thousands digit of 4035?
4
What is the units digit of 501302?
2
What is the tens digit of 921576?
7
What is the units digit of 1214487?
7
What is the ten millions digit of 10649723?
1
What is the millions digit of 31557939?
1
What is the hundreds digit of 1948891?
8
What is the units digit of 905978?
8
What is the hundreds digit of 97283?
2
What is the units digit of 1454835?
5
What is the hundred thousands digit of 106710?
1
What is the units digit of 18039663?
3
What is the tens digit of 511392?
9
What is the tens digit of 154863?
6
What is the units digit of 13011?
1
What is the tens digit of 724548?
4
What is the hundred thousands digit of 146698?
1
What is the thousands digit of 70957?
0
What is the millions digit of 21176797?
1
What is the tens digit of 461937?
3
What is the hundred thousands digit of 2573860?
5
What is the hundred thousands digit of 110483?
1
What is the thousands digit of 21963195?
3
What is the thousands digit of 1513884?
3
What is the ten thousands digit of 769039?
6
What is the units digit of 4444955?
5
What is the tens digit of 102452?
5
What is the hundred thousands digit of 6524317?
5
What is the ten thousands digit of 1733013?
3
What is the hundred thousands digit of 116069?
1
What is the millions digit of 1190931?
1
What is the tens digit of 22035528?
2
What is the thousands digit of 32685?
2
What is the thousands digit of 30172062?
2
What is the ten thousands digit of 50845?
5
What is the hundreds digit of 23284900?
9
What is the tens digit of 2640475?
7
What is the tens digit of 1317625?
2
What is the millions digit of 4539096?
4
What is the hundred thousands digit of 4320205?
3
What is the thousands digit of 955815?
5
What is the hundred thousands digit of 234410?
2
What is the tens digit of 387267?
6
What is the units digit of 439291?
1
What is the thousands digit of 94514?
4
What is the units digit of 740070?
0
What is the tens digit of 291358?
5
What is the units digit of 401565?
5
What is the millions digit of 1145479?
1
What is the units digit of 139229?
9
What is the hundred thousands digit of 3090557?
0
What is the hundreds digit of 96652?
6
What is the hundreds digit of 98345?
3
What is the hundred thousands digit of 9817887?
8
What is the tens digit of 417550?
5
What is the units digit of 17869?
9
What is the thousands digit of 251493?
1
What is the units digit of 1859673?
3
What is the thousands digit of 170337?
0
What is the units digit of 376963?
3
What is the hundred thousands digit of 414163?
4
What is the hundreds digit of 7062887?
8
What is the units digit of 9295201?
1
What is the units digit of 276721?
1
What is the hundred thousands digit of 412544?
4
What is the hundred thousands digit of 5210293?
2
What is the units digit of 35760?
0
What is the thousands digit of 171839?
1
What is the tens digit of 1748265?
6
What is the units digit of 2427662?
2
What is the thousands digit of 290452?
0
What is the hundred thousands digit of 1796586?
7
What is the tens digit of 717102?
0
What is the units digit of 217833?
3
What is the thousands digit of 933055?
3
What is the thousands digit of 603873?
3
What is the tens digit of 425851?
5
What is the millions digit of 2164257?
2
What is the units digit of 799659?
9
What is the hundred thousands digit of 15896176?
8
What is the ten thousands digit of 6145214?
4
What is the hundred thousands digit of 4443555?
4
What is the thousands digit of 173610?
3
What is the hundreds digit of 826743?
7
What is the units digit of 9477593?
3
What is the units digit of 140536?
6
What is the thousands digit of 144517?
4
What is the units digit of 117737?
7
What is the units digit of 53917?
7
What is the units digit of 228224?
4
What is the units digit of 17746?
6
What is the hundred thousands digit of 4813692?
8
What is the units digit of 935736?
6
What is the hundreds digit of 6316384?
3
What is the hundreds digit of 1992740?
7
What is the tens digit of 1391786?
8
What is the ten thousands digit of 466438?
6
What is the thousands digit of 164532?
4
What is the units digit of 36768?
8
What is the hundred thousands digit of 5127496?
1
What is the millions digit of 3253788?
3
What is the millions digit of 2576933?
2
What is the units digit of 363134?
4
What is the hundred thousands digit of 1099212?
0
What is the thousands digit of 3240159?
0
What is the tens digit of 475919?
1
What is the ten thousands digit of 6975657?
7
What is the tens digit of 223877?
7
What is the millions digit of 1538630?
1
What is the millions digit of 3034262?
3
What is the millions digit of 4748214?
4
What is the thousands digit of 312386?
2
What is the thousands digit of 1785832?
5
What is the units digit of 10003666?
6
What is the units digit of 24186205?
5
What is the millions digit of 3050900?
3
What is the thousands digit of 616679?
6
What is the hundreds digit of 1214906?
9
What is the thousands digit of 54765?
4
What is the millions digit of 3285546?
3
What is the tens digit of 31393310?
1
What is the tens digit of 67240?
4
What is the hundred thousands digit of 6836905?
8
What is the hundred thousands digit of 312262?
3
What is the thousands digit of 281079?
1
What is the ten millions digit of 10135301?
1
What is the hundreds digit of 678236?
2
What is the ten thousands digit of 2071911?
7
What is the thousands digit of 1837999?
7
What is the units digit of 188564?
4
What is the hundred thousands digit of 26275711?
2
What is the units digit of 183435?
5
What is the units digit of 632577?
7
What is the tens digit of 2025505?
0
What is the units digit of 3446154?
4
What is the ten thousands digit of 25906654?
0
What is the tens digit of 3802350?
5
What is the millions digit of 29431387?
9
What is the hundreds digit of 177204?
2
What is the hundreds digit of 10665765?
7
What is the ten thousands digit of 108878?
0
What is the units digit of 57718?
8
What is the ten thousands digit of 295983?
9
What is the units digit of 563268?
8
What is the millions digit of 1431772?
1
What is the hundreds digit of 3210385?
3
What is the thousands digit of 472952?
2
What is the thousands digit of 143828?
3
What is the hundred thousands digit of 2682240?
6
What is the ten thousands digit of 184538?
8
What is the tens digit of 655975?
7
What is the units digit of 451251?
1
What is the hundred thousands digit of 6347729?
3
What is the hundred thousands digit of 3157804?
1
What is the ten millions digit of 32564691?
3
What is the tens digit of 21994924?
2
What is the ten thousands digit of 17414?
1
What is the hundreds digit of 26876752?
7
What is the hundred thousands digit of 1275491?
2
What is the tens digit of 4396362?
6
What is the ten thousands digit of 2057663?
5
What is the units digit of 383317?
7
What is the units digit of 3256060?
0
What is the tens digit of 146351?
5
What is the units digit of 26714595?
5
What is the hundreds digit of 1799272?
2
What is the millions digit of 8084861?
8
What is the thousands digit of 420735?
0
What is the ten thousands digit of 5737466?
3
What is the hundreds digit of 3597631?
6
What is the hundred thousands digit of 10393538?
3
What is the hundreds digit of 2443152?
1
What is the tens digit of 120296?
9
What is the units digit of 5174762?
2
What is the tens digit of 330930?
3
What is the units digit of 12620337?
7
What is the millions digit of 7562484?
7
What is the hundred thousands digit of 13654546?
6
What is the tens digit of 79022?
2
What is the tens digit of 2037981?
8
What is the units digit of 1057701?
1
What is the tens digit of 7733?
3
What is the thousands digit of 2093366?
3
What is the ten thousands digit of 1225674?
2
What is the hundreds digit of 17132?
1
What is the units digit of 4687075?
5
What is the millions digit of 11708999?
1
What is the hundreds digit of 912499?
4
What is the ten thousands digit of 475893?
7
What is the tens digit of 1213380?
8
What is the millions digit of 2064770?
2
What is the hundreds digit of 1767630?
6
What is the tens digit of 254234?
3
What is the units digit of 17205048?
8
What is the hundreds digit of 437023?
0
What is the hundreds digit of 1843959?
9
What is the tens digit of 4209781?
8
What is the millions digit of 1044397?
1
What is the thousands digit of 7047157?
7
What is the tens digit of 89282?
